omposite?
True
Is 5960491 composite?
True
Is 25332713 composite?
True
Is 13594927 prime?
True
Is 5199658 prime?
False
Is 25405739 prime?
True
Is 285918389 a composite number?
False
Is 35650121 a prime number?
False
Is 77984959 a composite number?
True
Is 10090043 prime?
True
Is 19143913 a prime number?
True
Is 115466293 a prime number?
True
Is 1622911663 composite?
False
Is 606899 prime?
True
Is 7038247 a prime number?
True
Is 53451359 a prime number?
False
Is 413223887 a prime number?
False
Is 4139987 a composite number?
True
Is 205391 a composite number?
False
Is 30490439 prime?
False
Is 37300733 a prime number?
False
Is 6535 a composite number?
True
Is 1055132687 a composite number?
True
Is 4935607 prime?
True
Is 660411199 prime?
False
Is 49128139 a prime number?
False
Is 86874817 prime?
True
Is 34904165 prime?
False
Is 186699091 composite?
False
Is 1567783 a prime number?
False
Is 270858583 prime?
True
Is 12791951 a prime number?
True
Is 3747749 a prime number?
True
Is 10783957 prime?
True
Is 204235687 a composite number?
True
Is 281458217 prime?
False
Is 2256959 a composite number?
False
Is 11953157 a composite number?
True
Is 170156726 composite?
True
Is 42971783 composite?
False
Is 170192377 prime?
False
Is 29751153 a composite number?
True
Is 6785939 a composite number?
False
Is 32255983 a prime number?
True
Is 4057553 composite?
False
Is 1309411 a prime number?
True
Is 40465951 a composite number?
False
Is 166167959 prime?
True
Is 3947921 a composite number?
False
Is 5806109 a prime number?
True
Is 15412307 prime?
True
Is 51359393 composite?
False
Is 62744219 a prime number?
False
Is 503153 prime?
False
Is 117338407 composite?
False
Is 4079451 a composite number?
True
Is 24242422 prime?
False
Is 20711333 a composite number?
False
Is 3734187 prime?
False
Is 7391983 a prime number?
True
Is 1106078569 a composite number?
False
Is 1659747 composite?
True
Is 131789927 a composite number?
True
Is 1629533 composite?
True
Is 1183603559 prime?
True
Is 6558547 a prime number?
True
Is 456414473 prime?
True
Is 831962681 a composite number?
True
Is 2201909 a composite number?
True
Is 14535203 prime?
False
Is 3665747 prime?
True
Is 15391379 prime?
True
Is 15299 prime?
True
Is 79417633 prime?
True
Is 15566969 a composite number?
True
Is 123520591 a composite number?
False
Is 612243029 prime?
False
Is 8641049 a prime number?
False
Is 55401053 prime?
True
Is 1299611 prime?
False
Is 5767213 composite?
False
Is 2786789 a composite number?
False
Is 6655387 a composite number?
True
Is 12861593 a prime number?
False
Is 91828393 composite?
False
Is 899971 composite?
False
Is 41773793 a composite number?
True
Is 13121903 a composite number?
True
Is 12844081 prime?
False
Is 29728221 composite?
True
Is 200645477 prime?
True
Is 25336873 a composite number?
True
Is 906101 prime?
False
Is 35718569 a composite number?
False
Is 7989667 a prime number?
False
Is 104431 composite?
True
Is 18734483 composite?
True
Is 133053103 prime?
True
Is 1668540941 prime?
False
Is 18232727 prime?
True
Is 64138089 prime?
False
Is 31577123 prime?
False
Is 46891877 a composite number?
False
Is 148228247 composite?
True
Is 2351809 prime?
False
Is 7360411 a composite number?
False
Is 12268541 a prime number?
True
Is 160478057 prime?
True
Is 141852167 a composite number?
False
Is 6704079 a prime number?
False
Is 13120507 composite?
True
Is 3072649 composite?
True
Is 3117193 a composite number?
True
Is 47467253 a composite number?
True
Is 17174207 composite?
False
Is 13676473 composite?
False
Is 917664637 prime?
False
Is 23711909 a prime number?
False
Is 156901741 composite?
True
Is 17183831 composite?
True
Is 5276527 a prime number?
False
Is 5992509 a prime number?
False
Is 1909549 prime?
False
Is 112177565 prime?
False
Is 19386577 a composite number?
True
Is 366593 a prime number?
True
Is 49050005 a prime number?
False
Is 89924453 a composite number?
False
Is 80754847 a prime number?
False
Is 137181445 a prime number?
False
Is 17438893 prime?
False
Is 13323841 a prime number?
True
Is 12499351 a composite number?
True
Is 169128497 prime?
False
Is 5974711 a prime number?
True
Is 4391 a composite number?
False
Is 625279 composite?
False
Is 7069607 a composite number?
False
Is 56373571 prime?
True
Is 41600341 a prime number?
True
Is 4022045 prime?
False
Is 16679517 a prime number?
False
Is 2871719 a composite number?
False
Is 4472623 composite?
True
Is 11569331 composite?
False
Is 35867261 a composite number?
False
Is 378474841 a composite number?
False
Is 1039249 composite?
False
Is 86430793 prime?
True
Is 1560997 prime?
True
Is 297139831 prime?
False
Is 6217693 a prime number?
False
Is 671933 a prime number?
True
Is 13278217 composite?
False
Is 2397607 a composite number?
True
Is 29063647 a composite number?
True
Is 2040179 a composite number?
True
Is 33128807 a prime number?
True
Is 162255623 composite?
True
Is 4432507 composite?
True
Is 208516579 prime?
False
Is 43652249 composite?
True
Is 1918309 a composite number?
True
Is 84219761 composite?
True
Is 145806557 a composite number?
True
Is 75631243 prime?
False
Is 481365851 composite?
False
Is 31748287 prime?
False
Is 96589343 a composite number?
True
Is 2291057 a prime number?
False
Is 76849853 a composite number?
False
Is 1256197 prime?
True
Is 12329977 a composite number?
True
Is 48470989 a composite number?
True
Is 79287463 a prime number?
False
Is 156376027 a composite number?
True
Is 19815771 a prime number?
False
Is 12808661 composite?
False
Is 24648583 prime?
True
Is 11301007 a prime number?
True
Is 9116683 a composite number?
True
Is 560303195 prime?
False
Is 25757 prime?
False
Is 13602439 a composite number?
False
Is 18654331 composite?
True
Is 10093583 a prime number?
True
Is 7079737 a prime number?
False
Is 5827043 a composite number?
True
Is 8275873 composite?
False
Is 1579553 composite?
False
Is 154694301 a prime number?
False
Is 8292547 a prime number?
True
Is 44575437 a prime number?
False
Is 6478841 composite?
False
Is 8465866 composite?
True
Is 1144777 a composite number?
True
Is 61647359 composite?
True
Is 358025487 a prime number?
False
Is 164829763 prime?
False
Is 57335257 a prime number?
False
Is 17833147 a composite number?
False
Is 5117939 composite?
True
Is 20933195 prime?
False
Is 76498639 composite?
True
Is 3584485 prime?
False
Is 314944559 a composite number?
False
Is 4500541 a prime number?
True
Is 8888857 a prime number?
False
Is 903317 a prime number?
False
Is 157434577 prime?
True
Is 173499949 a prime number?
False
Is 38715173 a prime number?
False
Is 26113363 a composite number?
False
Is 5608721 a prime number?
True
Is 5847526 a prime number?
False
Is 2790077 prime?
True
Is 24421249 a prime number?
False
Is 7046419 a composite number?
True
Is 46332389 prime?
True
Is 521 a prime number?
True
Is 9607801 prime?
False
Is 13453291 a composite number?
True
Is 109719263 a prime number?
True
Is 4700899 prime?
False
Is 22943537 composite?
False
Is 665619 a prime number?
False
Is 531064817 composite?
False
Is 1185524097 a prime number?
False
Is 1287707 composite?
False
Is 2502727 a composite number?
True
Is 210224947 prime?
True
Is 6241043 prime?
True
Is 23002607 composite?
False
Is 530009059 composite?
False
Is 91847983 a prime number?
False
Is 9370223 a composite number?
True
Is 10374343 a prime number?
False
Is 330335017 composite?
False
Is 1762247 prime?
True
Is 20121667 a composite number?
False
Is 3728141 a prime number?
True
Is 62078927 composite?
True
Is 11010953 a composite number?
True
Is 2626907 prime?
False
Is 832999 prime?
False
Is 122830739 a prime number?
False
Is 2924777 a composite number?
False
Is 1640693 a prime number?
False
Is 29483 prime?
True
Is 6628877 a prime number?
True
Is 527297 a composite number?
True
Is 369689 a composite number?
True
Is 233755 composite?
True
Is 132106817 a prime number?
True
Is 40324981 a composite number?
True
Is 17718917 prime?
True
Is 9500471 prime?
False
Is 46136137 composite?
True
Is 47289757 a prime number?
True
Is 17658587 a prime number?
False
Is 339491843 prime?
True
Is 52478297 a prime number?
True
Is 394393 a composite number?
False
Is 217118347 a composite number?
True
Is 2778938 a prime number?
False
Is 8647391 a composite number?
False
Is 1005634